mon divisor of 4833 and 45.
9
Calculate the greatest common divisor of 1274 and 3094.
182
Calculate the highest common divisor of 513 and 189.
27
Calculate the highest common divisor of 10224 and 9.
9
Calculate the highest common divisor of 4 and 236.
4
Calculate the highest common factor of 12 and 236.
4
What is the greatest common factor of 6435 and 440?
55
What is the highest common divisor of 551 and 87?
29
Calculate the highest common divisor of 165 and 7557.
33
Calculate the greatest common divisor of 245 and 210.
35
What is the greatest common divisor of 42 and 182?
14
Calculate the greatest common factor of 3 and 10.
1
Calculate the highest common factor of 3252 and 6.
6
Calculate the greatest common divisor of 3458 and 152.
38
Calculate the highest common divisor of 14 and 182.
14
Calculate the greatest common factor of 30 and 30.
30
Calculate the greatest common factor of 3892 and 14.
14
Calculate the greatest common factor of 219 and 219.
219
What is the greatest common divisor of 99 and 1584?
99
What is the greatest common factor of 200 and 13850?
50
Calculate the highest common divisor of 10143 and 1863.
207
What is the highest common divisor of 3679 and 52?
13
Calculate the greatest common factor of 9 and 963.
9
Calculate the greatest common divisor of 18430 and 190.
190
Calculate the greatest common factor of 190 and 1235.
95
Calculate the greatest common divisor of 34 and 3145.
17
What is the highest common factor of 15 and 10?
5
What is the highest common divisor of 183 and 122?
61
Calculate the greatest common factor of 408 and 68.
68
What is the highest common factor of 1111 and 101?
101
Calculate the greatest common factor of 6810 and 150.
30
Calculate the highest common factor of 19 and 95.
19
What is the highest common factor of 126 and 21798?
126
What is the highest common factor of 16957 and 31?
31
What is the greatest common factor of 456 and 376?
8
What is the greatest common divisor of 4 and 46?
2
What is the greatest common divisor of 135 and 225?
45
What is the highest common factor of 355 and 568?
71
What is the greatest common divisor of 776 and 24?
8
Calculate the highest common divisor of 11591 and 201.
67
Calculate the highest common divisor of 33 and 22.
11
Calculate the greatest common divisor of 40 and 95.
5
What is the greatest common factor of 9 and 144?
9
What is the highest common factor of 7 and 2723?
7
What is the greatest common factor of 126 and 224?
14
What is the greatest common divisor of 459 and 1755?
27
Calculate the greatest common factor of 112 and 464.
16
Calculate the greatest common divisor of 36 and 216.
36
Calculate the greatest common factor of 20 and 610.
10
Calculate the highest common divisor of 60 and 210.
30
What is the greatest common divisor of 10545 and 222?
111
Calculate the greatest common factor of 1541 and 23.
23
What is the highest common factor of 27 and 144?
9
Calculate the highest common factor of 610 and 10.
10
Calculate the greatest common divisor of 231 and 154.
77
What is the highest common divisor of 315 and 140?
35
Calculate the greatest common divisor of 1494 and 90.
18
Calculate the highest common divisor of 165 and 60.
15
What is the highest common factor of 102 and 228?
6
What is the greatest common factor of 481 and 13?
13
Calculate the highest common divisor of 53 and 1.
1
Calculate the greatest common divisor of 2088 and 319.
29
Calculate the greatest common factor of 1102 and 19.
19
Calculate the greatest common divisor of 30 and 10.
10
Calculate the greatest common divisor of 16 and 344.
8
What is the greatest common divisor of 28 and 2324?
28
What is the greatest common factor of 240 and 30?
30
Calculate the highest common factor of 637 and 182.
91
Calculate the greatest common divisor of 122 and 10.
2
Calculate the greatest common factor of 66 and 242.
22
What is the highest common factor of 22 and 242?
22
Calculate the greatest common divisor of 869 and 55.
11
Calculate the highest common divisor of 105 and 189.
21
Calculate the greatest common factor of 720 and 5.
5
Calculate the highest common factor of 408 and 12444.
204
What is the greatest common factor of 1829 and 59?
59
Calculate the highest common factor of 6 and 2850.
6
What is the greatest common divisor of 202 and 1111?
101
What is the greatest common divisor of 754 and 65?
13
What is the highest common divisor of 33096 and 168?
168
What is the greatest common factor of 50 and 7975?
25
Calculate the highest common divisor of 9 and 3141.
9
Calculate the highest common divisor of 117 and 2259.
9
What is the greatest common factor of 250 and 150?
50
Calculate the greatest common divisor of 144 and 27.
9
Calculate the highest common divisor of 1173 and 138.
69
What is the greatest common divisor of 589 and 155?
31
Calculate the highest common divisor of 57 and 1653.
57
Calculate the greatest common factor of 5 and 9865.
5
What is the greatest common factor of 1791 and 90?
9
Calculate the highest common factor of 62 and 1674.
62
What is the highest common divisor of 45 and 125?
5
Calculate the highest common divisor of 255 and 153.
51
Calculate the highest common factor of 627 and 247.
19
What is the highest common divisor of 2 and 1766?
2
What is the greatest common divisor of 42670 and 170?
170
Calculate the greatest common divisor of 484 and 198.
22
What is the highest common divisor of 4123 and 2170?
217
Calculate the greatest common factor of 846 and 486.
18
What is the highest common factor of 58 and 261?
29
What is the greatest common divisor of 26 and 7618?
26
Calculate the highest common divisor of 30 and 110.
10
Calculate the greatest common divisor of 2814 and 98.
14
What is the highest common divisor of 108 and 12?
12
Calculate the greatest common factor of 153 and 1581.
51
What is the greatest common factor of 129 and 1677?
129
What is the highest common divisor of 6 and 16?
2
What is the highest common divisor of 210 and 20?
10
What is the greatest common divisor of 320 and 25?
5
What is the greatest common divisor of 78 and 1131?
39
Calculate the greatest common factor of 48 and 48.
48
What is the greatest common factor of 10 and 40?
10
What is the highest common factor of 73 and 876?
73
Calculate the highest common divisor of 9774 and 24.
6
Calculate the highest common factor of 20 and 134.
2
What is the highest common factor of 4543 and 154?
77
Calculate the highest common factor of 15 and 25.
5
What is the highest common divisor of 27 and 441?
9
Calculate the greatest common divisor of 5 and 53.
1
Calculate the highest common divisor of 961 and 62.
31
What is the highest common factor of 1 and 61?
1
What is the highest common factor of 999 and 27?
27
Calculate the highest common factor of 16 and 272.
16
Calculate the highest common divisor of 596 and 19370.
298
What is the highest common divisor of 1539 and 648?
81
Calculate the greatest common divisor of 4514 and 1098.
122
What is the highest common divisor of 3657 and 159?
159
Calculate the highest common factor of 24 and 200.
8
What is the highest common divisor of 45 and 2100?
15
What is the greatest common factor of 71 and 2627?
71
Calculate the highest common divisor of 40 and 3832.
8
What is the highest common factor of 45 and 5?
5
What is the greatest common divisor of 133 and 35?
7
Calculate the greatest common divisor of 2387 and 77.
77
What is the greatest common divisor of 170 and 60?
10
Calculate the highest common divisor of 4 and 116.
4
Calculate the highest common divisor of 116 and 87.
29
Calculate the highest common factor of 368 and 5704.
184
What is the greatest common divisor of 290 and 80?
10
What is the highest common factor of 3 and 1550?
1
What is the highest common divisor of 71 and 923?
71
Calculate the greatest common factor of 1078 and 2310.
154
What is the highest common divisor of 184 and 138?
46
Calculate the greatest common divisor of 63 and 2016.
63
What is the highest common factor of 24561 and 9?
9
What is the greatest common divisor of 12267 and 1044?
261
Calculate the greatest common divisor of 2 and 3260.
2
What is the highest common divisor of 603 and 63?
9
What is the highest common factor of 4 and 1028?
4
Calculate the highest common factor of 93 and 3.
3
Calculate the highest common